at is o(37)?
-126
Let z(i) = i**3 + 6*i**2 + 8*i + 1. Calculate z(-5).
-14
Let a(w) = w**2 - 40*w + 294. Determine a(30).
-6
Let q(b) = -b**3 - 4*b**2 - 271*b - 1700. What is q(-6)?
-2
Let p(a) = -6*a**2 + 123*a + 187. Give p(22).
-11
Let s(o) = o**3 - 42*o**2 - 4*o - 153. Give s(42).
-321
Let p(b) = -197*b + 1156. What is p(6)?
-26
Let p(m) = 44*m - 168. Give p(6).
96
Let v(i) = -41*i + 563. Calculate v(0).
563
Let s(b) = -17*b**2 + b + 19. What is s(4)?
-249
Let b(p) = -231*p + 4650. Calculate b(20).
30
Let y(k) = -2*k**2 - 101*k + 7935. What is y(-93)?
30
Let o(s) = 5*s + 48. Determine o(-4).
28
Let r(h) = 64*h**2 + 387*h + 17. Determine r(-6).
-1
Let r(o) = -o**2 + 313*o + 946. What is r(316)?
-2
Let w(k) = 27*k**3 + 1726*k**2 - 126*k + 129. Determine w(-64).
1
Let r(j) = -4*j**3 + 3*j**2 + 24*j - 7. Determine r(3).
-16
Let y(x) = 18*x**2 + 56*x + 15. Calculate y(-3).
9
Let y(r) = 3*r**2 - 198*r - 3373. Determine y(80).
-13
Let m(q) = 33*q - 2653. Determine m(80).
-13
Let g(n) = -37*n + 194. Give g(6).
-28
Let p(v) = -3*v - 19. Calculate p(-34).
83
Let i(b) = -1006*b - 7081. Determine i(-7).
-39
Let s(p) = -p**2 - 39*p + 167. Calculate s(-49).
-323
Let y(l) = 21*l + 761. What is y(-36)?
5
Let a(d) = -19*d**2 + 2149*d - 234. Calculate a(113).
-8
Let p(c) = 296*c + 3562. Calculate p(-12).
10
Let k(x) = -9*x**2 - 24*x + 35. Calculate k(-11).
-790
Let x(s) = 5*s**2 + 3*s - 21. Calculate x(-5).
89
Let n(r) = -r**3 + 13*r**2 - 14*r - 48. What is n(12)?
-72
Let m(t) = -180*t + 4. Calculate m(0).
4
Let h(v) = -109*v**3 - 11*v**2 - 8*v - 3. Determine h(-1).
103
Let u(l) = 77*l - 593. Calculate u(10).
177
Let h(s) = 1045*s - 5236. What is h(5)?
-11
Let b(x) = -93*x**2 - 522*x + 235. Calculate b(-6).
19
Let n(m) = m**2 - 7*m - 543. What is n(27)?
-3
Let t(q) = -q**2 - 35*q + 2668. Give t(-72).
4
Let g(x) = -x**3 + 30*x**2 - 111*x + 116. What is g(26)?
-66
Let j(x) = -24*x**2 - 110*x - 102. Calculate j(-3).
12
Let l(g) = g**3 + 12*g**2 + 39*g + 10. Calculate l(-5).
-10
Let u(t) = 2*t**3 + 45*t**2 + 124*t + 453. Determine u(-20).
-27
Let v(s) = -s**3 - 13*s**2 - 34*s - 24. What is v(-4)?
-32
Let a(w) = -166*w**3 - 3*w**2 + 2*w + 5. Give a(-1).
166
Let s(b) = 3*b**3 - 37*b**2 - 116*b + 58. Determine s(-3).
-8
Let j(o) = 2*o**2 - 475*o + 4238. Calculate j(9).
125
Let j(v) = 34*v + 34. Give j(-1).
0
Let l(b) = 2*b**3 + 566*b**2 + 546*b - 5075. What is l(-282)?
1
Let y(i) = -3*i**3 - 27*i**2 + 7*i - 236. Calculate y(-10).
-6
Let r(n) = 22*n - 89. Give r(12).
175
Let u(c) = 12*c**2 - 225*c - 306. Give u(20).
-6
Let i(r) = 664*r - 2913. What is i(4)?
-257
Let j(u) = -3*u**2 - 14*u + 5. Calculate j(-7).
-44
Let s(o) = -o**3 - 2*o**2 + 83*o - 222. Determine s(6).
-12
Let i(b) = -2*b**3 - 8*b**2 + 13*b + 114. What is i(-8)?
522
Let q(h) = -h - 30. Determine q(-15).
-15
Let z(h) = -8*h**2 + 1621*h + 597. Calculate z(203).
-12
Let w(i) = -6*i**2 + 783*i + 1568. Give w(-2).
-22
Let k(z) = 12*z**2 - 125*z - 5. Give k(10).
-55
Let a(h) = -8*h + 325. Determine a(52).
-91
Let m(h) = -3*h**2 + 47*h - 227. Give m(4).
-87
Let f(u) = -6*u**2 + 164*u - 846. Determine f(7).
8
Let p(r) = -3*r**3 + 23*r**2 - 143*r + 1216. Calculate p(8).
8
Let k(o) = o**2 - 355*o + 7317. Determine k(22).
-9
Let d(v) = v**3 + 27*v**2 + 19. Determine d(-27).
19
Let o(x) = -51*x + 48. Calculate o(-1).
99
Let w(k) = -70*k**2 - 407*k + 65. Determine w(-6).
-13
Let d(k) = -190*k + 150. What is d(2)?
-230
Let v(u) = -5*u**3 - 453*u**2 + 178*u - 328. Determine v(-91).
36
Let w(i) = i**2 + 80*i + 1288. What is w(-22)?
12
Let a(g) = -g**3 - 43*g**2 - 2*g - 114. What is a(-43)?
-28
Let n(y) = 2*y**3 + 91*y**2 + 177*y - 1. Give n(-2).
-7
Let d(g) = g**2 + 44*g + 417. Calculate d(-21).
-66
Let y(g) = 13*g**2 - 290*g + 873. Give y(3).
120
Let z(p) = 249*p - 5724. What is z(23)?
3
Let w(q) = -7*q**3 - q**2 - 26*q - 44. What is w(-2)?
60
Let k(h) = -24*h**2 - 3*h - 8. Calculate k(-4).
-380
Let t(f) = 16*f**3 - 7*f**2 - 14*f - 1. Determine t(-2).
-129
Let x(g) = -40*g - 111. Determine x(5).
-311
Let j(f) = -10*f**3 + 7*f**2 - 3*f - 2. Calculate j(3).
-218
Let k(x) = 205*x - 12312. Give k(60).
-12
Let p(x) = -x**3 - 12*x**2 + 15*x - 51. Give p(-14).
131
Let f(h) = -3*h**2 + 58*h - 323. Give f(6).
-83
Let k(i) = -5*i**2 - 281*i + 564. Determine k(2).
-18
Let t(f) = -165*f**2 + 132*f + 132. Calculate t(-1).
-165
Let z(d) = d**3 + 3*d**2 + 2*d - 294. Give z(0).
-294
Let v(q) = q**3 - 36*q**2 + 165*q - 247. Give v(31).
63
Let o(h) = 4*h**2 - 74*h + 138. What is o(2)?
6
Let l(b) = 2*b**2 + 53*b + 18. Determine l(-26).
-8
Let k(p) = 71*p + 575. Give k(-7).
78
Let t(l) = -4*l**3 - l**2 + 80*l + 164. Give t(-2).
32
Let o(p) = 2*p**2 - 75*p - 1486. Calculate o(52).
22
Let a(b) = -b**2 + 10*b - 38. Calculate a(3).
-17
Let w(m) = 2*m**2 + 185*m + 3151. Determine w(-70).
1
Let c(k) = 2*k**3 - 52*k**2 + 38*k + 249. Calculate c(25).
-51
Let d(x) = 188*x + 18420. Calculate d(-98).
-4
Let r(s) = 22467*s + 22463. Calculate r(-1).
-4
Let s(n) = 35*n**3 + n**2 - n - 4. Give s(-2).
-278
Let i(t) = 2*t**2 - 127*t + 1958. What is i(37)?
-3
Let a(y) = -y**2 + 42*y + 169. Give a(46).
-15
Let u(j) = 10*j - 235. What is u(22)?
-15
Let g(p) = -1441*p - 10066. Calculate g(-7).
21
Let a(u) = 4*u**2 + 167*u - 678. Determine a(4).
54
Let x(i) = -i**3 - 13*i**2 - 38*i + 20. Give x(-9).
38
Let x(t) = t**3 - 32*t**2 - 18*t - 363. Give x(33).
132
Let m(v) = -10*v - 544. Calculate m(-54).
-4
Let r(s) = 25*s**3 - 4*s**2 - 8*s - 13. What is r(-2)?
-213
Let p(y) = 115*y - 3792. What is p(33)?
3
Let v(t) = t**3 - 11*t**2 + 17*t - 48. Determine v(7).
-125
Let j(a) = 18*a**2 + 1395*a + 699. Give j(-77).
6
Let y(u) = -190*u - 46553. Calculate y(-245).
-3
Let m(k) = -k**2 + 4*k + 74. Calculate m(-8).
-22
Let l(k) = k**3 - 9*k**2 - 5*k - 15. Calculate l(7).
-148
Let l(z) = z**3 - 14*z**2 - 44*z + 714. Determine l(14).
98
Let t(h) = -8*h - 150. What is t(-21)?
18
Let n(l) = -147*l - 1936. What is n(-13)?
-25
Let r(k) = -3*k**2 - 25*k + 7. What is r(-6)?
49
Let l(g) = -3*g**2 - 69*g - 186. Determine l(-3).
-6
Let a(n) = n**3 - 28*n**2 - 705*n + 25. Give a(44).
-19
Let l(d) = -d**2 + 31*d + 666. Calculate l(47).
-86
Let p(f) = f**2 - 183*f + 897. What is p(5)?
7
Let g(j) = -19*j**2 + 12*j - 13. Give g(3).
-148
Let b(k) = -k**3 + 63*k**2 - 116*k - 124. Give b(61).
242
Let m(s) = -55*s - 716. What is m(-7)?
-331
Let y(d) = 5*d**2 + 155*d - 311. Give y(2).
19
Let x(t) = 82*t + 1301. What is x(-16)?
-11
Let y(o) = 5*o - 8. Determine y(12).
52
Let q(z) = -8*z**3 + 13*z**2 - 13*z - 55. Calculate q(-4).
717
Let g(q) = 16*q + 71. Determine g(-50).
-729
Let b(p) = -3*p**2 + 112*p + 900. Calculate b(-7).
-31
Let c(p) = 2*p**2 - 162*p + 605. Determine c(78).
137
Let z(b) = b**2 + 36*b - 95. What is z(-42)?
157
Let n(o) = 4*o**2 + 98*o + 23. Calculate n(-24).
-25
Let w(u) = -26*u**3 + 6*u**2 + 8*u + 1. What is w(-1)?
25
Let u(m) = 15*m - 27. Give u(5).
48
Let h(y) = -y**3 + 17*y**2 - 68*y + 14. Determine h(11).
-8
Let k(j) = 6*j**2 - 6*j - 34. Determine k(-2).
2
Let u(d) = -29*d + 83. Determine u(3).
-4
Let z(h) = h**2 + 26*h + 79. Determine z(-15).
-86
Let t(m) = -24*m**2 + 163*m + 172. What is t(8)?
-60
Let t(f) = -173*f - 91. What is t(1)?
-264
Let f(v) = -7*v**2 - 307*v - 1589. Give f(-6).
1
Let b(v) = 8*v**2 - 3*v + 8. Calculate b(1).
13
Let s(n) = -n**3 - 2*n**2 - 23*n - 124. Calculate s(-4).
0
Let r(q) = -128*q + 882. Calculate r(7).
-14
Let k(i) = -19*i**3 - i**2 - 6*i + 15. Give k(2).
-153
Let s(u) = -5*u**3 + 39*u**2 + 7*u - 5. Give s(8).
-13
Let k(c) = 2*c**3 + 16*c**2 + 33*c + 17. Determine k(-4).
13
Let y(l) = -121*l - 379. Calculate y(-4).
105
Let s(c) = 3958*c + 7874. Calculate s(-2).
-42
Let y(r) = r**2 - 170*r + 1125. Give y(7).
-16
Let u(o) = -22*o - 382. Calculate u(-20).
58
Let a(h) = h**2 - 123*h + 1101. Give a(10).
-29
Let m(u) = -347*u**2 - 324*u + 24. Determine m(-1).
1
Let v(h) = -h**3 + 24*h**2 - 26*h - 23. Determine v(23).
-92
Let c(f) = 3213*f + 16080. Determine c(-5).
15
Let m(y) = -787*y**3 + 3*y**2 + 2*y - 5. Give m(1).
-787
Let f(u) = -2*u**2 + 53*u - 492. Give f(13).
-141
Let h(o) = -7*o**3 + 32*o**2 + 96*o + 1. Calculate h(-3).
190
Let x(r) = 8*r + 436. Determine x(-54).
4
Let l(u) = 6*u**2 + 5*u - 61. Determine l(3).
8
Let z(w) =